{"id":18,"date":"2017-09-07T14:04:45","date_gmt":"2017-09-07T14:04:45","guid":{"rendered":"http:\/\/demo.lion-coders.com\/wp\/hello\/?page_id=18"},"modified":"2023-05-15T16:43:20","modified_gmt":"2023-05-15T21:43:20","slug":"home","status":"publish","type":"page","link":"https:\/\/david-obando.com\/ant\/","title":{"rendered":"Inicio"},"content":{"rendered":"<section class=\"kc-elm kc-css-521335 kc_row\"><div class=\"kc-row-container\"><div class=\"kc-wrap-columns\"><div class=\"kc-elm kc-css-376625 kc_col-sm-12 kc_column kc_col-sm-12\"><div class=\"kc-col-container\"><p>Men\u00fa elemento de Bloque s\u00f3lo puede ser utilizado en la P\u00e1gina Est\u00e1tica.<\/p>\r\n<\/div><\/div><\/div><\/div><\/section>\n","protected":false},"excerpt":{"rendered":"","protected":false},"author":1,"featured_media":0,"parent":0,"menu_order":0,"comment_status":"closed","ping_status":"closed","template":"","meta":{"footnotes":""},"class_list":["post-18","page","type-page","status-publish","hentry"],"yoast_head":"<!-- This site is optimized with the Yoast SEO plugin v26.1 - https:\/\/yoast.com\/wordpress\/plugins\/seo\/ -->\n<title>Inicio - David Obando<\/title>\n<meta name=\"description\" content=\"Profesional en marketing y comunicaci\u00f3n con amplia trayectoria en empresas p\u00fablicas y privadas. Comunicaci\u00f3n Estrat\u00e9gica y Marketing Digital.\" \/>\n<meta name=\"robots\" content=\"index, follow, max-snippet:-1, max-image-preview:large, max-video-preview:-1\" \/>\n<link rel=\"canonical\" href=\"https:\/\/david-obando.com\/ant\/\" \/>\n<meta property=\"og:locale\" content=\"es_ES\" \/>\n<meta property=\"og:type\" content=\"article\" \/>\n<meta property=\"og:title\" content=\"Inicio - David Obando\" \/>\n<meta property=\"og:description\" content=\"Profesional en marketing y comunicaci\u00f3n con amplia trayectoria en empresas p\u00fablicas y privadas. Comunicaci\u00f3n Estrat\u00e9gica y Marketing Digital.\" \/>\n<meta property=\"og:url\" content=\"https:\/\/david-obando.com\/ant\/\" \/>\n<meta property=\"og:site_name\" content=\"David Obando\" \/>\n<meta property=\"article:modified_time\" content=\"2023-05-15T21:43:20+00:00\" \/>\n<meta name=\"twitter:card\" content=\"summary_large_image\" \/>\n<meta name=\"twitter:label1\" content=\"Tiempo de lectura\" \/>\n\t<meta name=\"twitter:data1\" content=\"1 minuto\" \/>\n<script type=\"application\/ld+json\" class=\"yoast-schema-graph\">{\"@context\":\"https:\/\/schema.org\",\"@graph\":[{\"@type\":\"WebPage\",\"@id\":\"https:\/\/david-obando.com\/ant\/\",\"url\":\"https:\/\/david-obando.com\/ant\/\",\"name\":\"Inicio - David Obando\",\"isPartOf\":{\"@id\":\"https:\/\/david-obando.com\/ant\/#website\"},\"datePublished\":\"2017-09-07T14:04:45+00:00\",\"dateModified\":\"2023-05-15T21:43:20+00:00\",\"description\":\"Profesional en marketing y comunicaci\u00f3n con amplia trayectoria en empresas p\u00fablicas y privadas. Comunicaci\u00f3n Estrat\u00e9gica y Marketing Digital.\",\"breadcrumb\":{\"@id\":\"https:\/\/david-obando.com\/ant\/#breadcrumb\"},\"inLanguage\":\"es\",\"potentialAction\":[{\"@type\":\"ReadAction\",\"target\":[\"https:\/\/david-obando.com\/ant\/\"]}]},{\"@type\":\"BreadcrumbList\",\"@id\":\"https:\/\/david-obando.com\/ant\/#breadcrumb\",\"itemListElement\":[{\"@type\":\"ListItem\",\"position\":1,\"name\":\"Portada\",\"item\":\"https:\/\/david-obando.com\/ant\/\"},{\"@type\":\"ListItem\",\"position\":2,\"name\":\"Inicio\"}]},{\"@type\":\"WebSite\",\"@id\":\"https:\/\/david-obando.com\/ant\/#website\",\"url\":\"https:\/\/david-obando.com\/ant\/\",\"name\":\"David Obando\",\"description\":\"Profesional en marketing y comunicaci\u00f3n con amplia trayectoria en empresas p\u00fablicas y privadas.\",\"publisher\":{\"@id\":\"https:\/\/david-obando.com\/ant\/#\/schema\/person\/dd4727c913fe331de0f7e11216a36905\"},\"potentialAction\":[{\"@type\":\"SearchAction\",\"target\":{\"@type\":\"EntryPoint\",\"urlTemplate\":\"https:\/\/david-obando.com\/ant\/?s={search_term_string}\"},\"query-input\":{\"@type\":\"PropertyValueSpecification\",\"valueRequired\":true,\"valueName\":\"search_term_string\"}}],\"inLanguage\":\"es\"},{\"@type\":[\"Person\",\"Organization\"],\"@id\":\"https:\/\/david-obando.com\/ant\/#\/schema\/person\/dd4727c913fe331de0f7e11216a36905\",\"name\":\"david\",\"image\":{\"@type\":\"ImageObject\",\"inLanguage\":\"es\",\"@id\":\"https:\/\/david-obando.com\/ant\/#\/schema\/person\/image\/\",\"url\":\"https:\/\/david-obando.com\/ant\/wp-content\/uploads\/2023\/06\/d-o.png\",\"contentUrl\":\"https:\/\/david-obando.com\/ant\/wp-content\/uploads\/2023\/06\/d-o.png\",\"width\":115,\"height\":96,\"caption\":\"david\"},\"logo\":{\"@id\":\"https:\/\/david-obando.com\/ant\/#\/schema\/person\/image\/\"},\"sameAs\":[\"https:\/\/david-obando.com\/ant\"]}]}<\/script>\n<!-- \/ Yoast SEO plugin. -->","yoast_head_json":{"title":"Inicio - David Obando","description":"Profesional en marketing y comunicaci\u00f3n con amplia trayectoria en empresas p\u00fablicas y privadas. Comunicaci\u00f3n Estrat\u00e9gica y Marketing Digital.","robots":{"index":"index","follow":"follow","max-snippet":"max-snippet:-1","max-image-preview":"max-image-preview:large","max-video-preview":"max-video-preview:-1"},"canonical":"https:\/\/david-obando.com\/ant\/","og_locale":"es_ES","og_type":"article","og_title":"Inicio - David Obando","og_description":"Profesional en marketing y comunicaci\u00f3n con amplia trayectoria en empresas p\u00fablicas y privadas. Comunicaci\u00f3n Estrat\u00e9gica y Marketing Digital.","og_url":"https:\/\/david-obando.com\/ant\/","og_site_name":"David Obando","article_modified_time":"2023-05-15T21:43:20+00:00","twitter_card":"summary_large_image","twitter_misc":{"Tiempo de lectura":"1 minuto"},"schema":{"@context":"https:\/\/schema.org","@graph":[{"@type":"WebPage","@id":"https:\/\/david-obando.com\/ant\/","url":"https:\/\/david-obando.com\/ant\/","name":"Inicio - David Obando","isPartOf":{"@id":"https:\/\/david-obando.com\/ant\/#website"},"datePublished":"2017-09-07T14:04:45+00:00","dateModified":"2023-05-15T21:43:20+00:00","description":"Profesional en marketing y comunicaci\u00f3n con amplia trayectoria en empresas p\u00fablicas y privadas. Comunicaci\u00f3n Estrat\u00e9gica y Marketing Digital.","breadcrumb":{"@id":"https:\/\/david-obando.com\/ant\/#breadcrumb"},"inLanguage":"es","potentialAction":[{"@type":"ReadAction","target":["https:\/\/david-obando.com\/ant\/"]}]},{"@type":"BreadcrumbList","@id":"https:\/\/david-obando.com\/ant\/#breadcrumb","itemListElement":[{"@type":"ListItem","position":1,"name":"Portada","item":"https:\/\/david-obando.com\/ant\/"},{"@type":"ListItem","position":2,"name":"Inicio"}]},{"@type":"WebSite","@id":"https:\/\/david-obando.com\/ant\/#website","url":"https:\/\/david-obando.com\/ant\/","name":"David Obando","description":"Profesional en marketing y comunicaci\u00f3n con amplia trayectoria en empresas p\u00fablicas y privadas.","publisher":{"@id":"https:\/\/david-obando.com\/ant\/#\/schema\/person\/dd4727c913fe331de0f7e11216a36905"},"potentialAction":[{"@type":"SearchAction","target":{"@type":"EntryPoint","urlTemplate":"https:\/\/david-obando.com\/ant\/?s={search_term_string}"},"query-input":{"@type":"PropertyValueSpecification","valueRequired":true,"valueName":"search_term_string"}}],"inLanguage":"es"},{"@type":["Person","Organization"],"@id":"https:\/\/david-obando.com\/ant\/#\/schema\/person\/dd4727c913fe331de0f7e11216a36905","name":"david","image":{"@type":"ImageObject","inLanguage":"es","@id":"https:\/\/david-obando.com\/ant\/#\/schema\/person\/image\/","url":"https:\/\/david-obando.com\/ant\/wp-content\/uploads\/2023\/06\/d-o.png","contentUrl":"https:\/\/david-obando.com\/ant\/wp-content\/uploads\/2023\/06\/d-o.png","width":115,"height":96,"caption":"david"},"logo":{"@id":"https:\/\/david-obando.com\/ant\/#\/schema\/person\/image\/"},"sameAs":["https:\/\/david-obando.com\/ant"]}]}},"_hostinger_reach_plugin_has_subscription_block":false,"_hostinger_reach_plugin_is_elementor":false,"_links":{"self":[{"href":"https:\/\/david-obando.com\/ant\/wp-json\/wp\/v2\/pages\/18","targetHints":{"allow":["GET"]}}],"collection":[{"href":"https:\/\/david-obando.com\/ant\/wp-json\/wp\/v2\/pages"}],"about":[{"href":"https:\/\/david-obando.com\/ant\/wp-json\/wp\/v2\/types\/page"}],"author":[{"embeddable":true,"href":"https:\/\/david-obando.com\/ant\/wp-json\/wp\/v2\/users\/1"}],"replies":[{"embeddable":true,"href":"https:\/\/david-obando.com\/ant\/wp-json\/wp\/v2\/comments?post=18"}],"version-history":[{"count":0,"href":"https:\/\/david-obando.com\/ant\/wp-json\/wp\/v2\/pages\/18\/revisions"}],"wp:attachment":[{"href":"https:\/\/david-obando.com\/ant\/wp-json\/wp\/v2\/media?parent=18"}],"curies":[{"name":"wp","href":"https:\/\/api.w.org\/{rel}","templated":true}]}}